{"id":211,"date":"2019-08-24T11:27:37","date_gmt":"2019-08-24T11:27:37","guid":{"rendered":"https:\/\/lsshollabrunn.ac.at\/?page_id=211"},"modified":"2024-09-17T12:59:01","modified_gmt":"2024-09-17T12:59:01","slug":"paedagogische-angebote","status":"publish","type":"page","link":"https:\/\/lsshollabrunn.ac.at\/?page_id=211","title":{"rendered":"p\u00e4dagogische Angebote"},"content":{"rendered":"\r\n\r\n\r\n<ul class=\"wp-block-list\">\r\n<li>musisch-kreative F\u00f6rderung (gut ausgestattetes Musikzimmer mit vielen Instrumenten, Werkraum), auch teilweise musikalische Einzelf\u00f6rderung nach Wunsch der Kinder<\/li>\r\n<li>reichlich Bewegung (jederzeit Zugang zum Bewegungsraum m\u00f6glich)<\/li>\r\n<li>bewegte Pausen (&#8222;Power Pause&#8220;)<\/li>\r\n<li>Spiel und Spa\u00df (Wuzzler-Tische, Tischtennis, Hometrainer, Sofas, &#8230;)<\/li>\r\n<li>Entspannung und Erholung in unserem Entspannungsraum<\/li>\r\n<li>Bibliothek mit gem\u00fctlicher Sitzecke und Sofas<\/li>\r\n<li>Schulk\u00fcche: Wir kochen und backen gerne mit unseren Sch\u00fclerinnen und Sch\u00fclern, selbstverst\u00e4ndlich essen wir auch gemeinsam.<\/li>\r\n<li>Sch\u00fcler oder Sch\u00fclerin des Monats: Einmal im Monat wird eine Sch\u00fclerin oder ein Sch\u00fcler bei einer gemeinsamen Zeremonie ausgezeichnet.<\/li>\r\n<li>mindestens einmal im Jahr ein Auftritt im Rahmen des musisch-kreativen Unterrichts<\/li>\r\n<li>PCs in den Klassen, in der Bibliothek und im Informatikraum, sodass es jederzeit m\u00f6glich ist, die Kinder am Computer arbeiten zu lassen<\/li>\r\n<li>Schulgarten: Mit den Sch\u00fclerinnen und Sch\u00fclern bewirtschaften wir ein Gartenst\u00fcck vor dem Schulgeb\u00e4ude. Wir pflanzen Blumen und Kr\u00e4uter und kleine Mengen Gem\u00fcse.<\/li>\r\n<li>Bewegung im Freien: Im Rahmen des Sportunterrichts, sowohl laut Stundenplan, als auch integrativ, gehen wir mit den Kindern in den nahegelegenen Motorikpark, in den Hollabrunner Wald oder zum Fu\u00dfballplatz. Die Schule stellt auch Fahrr\u00e4der f\u00fcr Radausfl\u00fcge zur Verf\u00fcgung.<\/li>\r\n<li>Ausfl\u00fcge, Exkursionen, soziale Projekte, Besichtigungen, Freibad-, Hallenbad- und Kinobesuche sind selbstverst\u00e4ndlich Teil unserer Jahresplanung.<\/li>\r\n<\/ul>\r\n","protected":false},"excerpt":{"rendered":"<p>musisch-kreative F\u00f6rderung (gut ausgestattetes Musikzimmer mit vielen Instrumenten, Werkraum), auch teilweise musikalische Einzelf\u00f6rderung nach Wunsch der Kinder reichlich Bewegung (jederzeit Zugang zum Bewegungsraum m\u00f6glich) bewegte Pausen (&#8222;Power Pause&#8220;) Spiel und Spa\u00df (Wuzzler-Tische, Tischtennis, Hometrainer, Sofas, &#8230;) Entspannung und Erholung in unserem Entspannungsraum Bibliothek mit gem\u00fctlicher Sitzecke und Sofas Schulk\u00fcche: Wir kochen und backen gerne mit [&hellip;]<\/p>\n","protected":false},"author":1,"featured_media":0,"parent":0,"menu_order":0,"comment_status":"closed","ping_status":"closed","template":"","meta":{"footnotes":""},"class_list":["post-211","page","type-page","status-publish","hentry"],"_links":{"self":[{"href":"https:\/\/lsshollabrunn.ac.at\/index.php?rest_route=\/wp\/v2\/pages\/211","targetHints":{"allow":["GET"]}}],"collection":[{"href":"https:\/\/lsshollabrunn.ac.at\/index.php?rest_route=\/wp\/v2\/pages"}],"about":[{"href":"https:\/\/lsshollabrunn.ac.at\/index.php?rest_route=\/wp\/v2\/types\/page"}],"author":[{"embeddable":true,"href":"https:\/\/lsshollabrunn.ac.at\/index.php?rest_route=\/wp\/v2\/users\/1"}],"replies":[{"embeddable":true,"href":"https:\/\/lsshollabrunn.ac.at\/index.php?rest_route=%2Fwp%2Fv2%2Fcomments&post=211"}],"version-history":[{"count":17,"href":"https:\/\/lsshollabrunn.ac.at\/index.php?rest_route=\/wp\/v2\/pages\/211\/revisions"}],"predecessor-version":[{"id":1193,"href":"https:\/\/lsshollabrunn.ac.at\/index.php?rest_route=\/wp\/v2\/pages\/211\/revisions\/1193"}],"wp:attachment":[{"href":"https:\/\/lsshollabrunn.ac.at\/index.php?rest_route=%2Fwp%2Fv2%2Fmedia&parent=211"}],"curies":[{"name":"wp","href":"https:\/\/api.w.org\/{rel}","templated":true}]}}