{"id":522,"date":"2019-10-14T11:42:15","date_gmt":"2019-10-14T11:42:15","guid":{"rendered":"https:\/\/lsshollabrunn.ac.at\/?page_id=522"},"modified":"2019-12-04T11:01:18","modified_gmt":"2019-12-04T11:01:18","slug":"schulerhalter","status":"publish","type":"page","link":"https:\/\/lsshollabrunn.ac.at\/?page_id=522","title":{"rendered":"Schulerhalter"},"content":{"rendered":"\n<p>Der Schulerhalter unserer Schule ist das Land Nieder\u00f6sterreich, vertreten durch die Abteilung K4, Abteilung f\u00fcr Schulen und Kinderg\u00e4rten.<\/p>\n\n\n\n<p>Adresse: <br>3109 St. P\u00f6lten, Landhausplatz 1, Tor zum Landhaus<br>Tel: 02742\/9005- 13238\u00a0<br>Email: post.k4@noel.gv.at<\/p>\n\n\n\n<p><\/p>\n","protected":false},"excerpt":{"rendered":"<p>Der Schulerhalter unserer Schule ist das Land Nieder\u00f6sterreich, vertreten durch die Abteilung K4, Abteilung f\u00fcr Schulen und Kinderg\u00e4rten. Adresse: 3109 St. P\u00f6lten, Landhausplatz 1, Tor zum LandhausTel: 02742\/9005- 13238\u00a0Email: post.k4@noel.gv.at<\/p>\n","protected":false},"author":1,"featured_media":0,"parent":0,"menu_order":0,"comment_status":"closed","ping_status":"closed","template":"","meta":{"footnotes":""},"class_list":["post-522","page","type-page","status-publish","hentry"],"_links":{"self":[{"href":"https:\/\/lsshollabrunn.ac.at\/index.php?rest_route=\/wp\/v2\/pages\/522","targetHints":{"allow":["GET"]}}],"collection":[{"href":"https:\/\/lsshollabrunn.ac.at\/index.php?rest_route=\/wp\/v2\/pages"}],"about":[{"href":"https:\/\/lsshollabrunn.ac.at\/index.php?rest_route=\/wp\/v2\/types\/page"}],"author":[{"embeddable":true,"href":"https:\/\/lsshollabrunn.ac.at\/index.php?rest_route=\/wp\/v2\/users\/1"}],"replies":[{"embeddable":true,"href":"https:\/\/lsshollabrunn.ac.at\/index.php?rest_route=%2Fwp%2Fv2%2Fcomments&post=522"}],"version-history":[{"count":3,"href":"https:\/\/lsshollabrunn.ac.at\/index.php?rest_route=\/wp\/v2\/pages\/522\/revisions"}],"predecessor-version":[{"id":812,"href":"https:\/\/lsshollabrunn.ac.at\/index.php?rest_route=\/wp\/v2\/pages\/522\/revisions\/812"}],"wp:attachment":[{"href":"https:\/\/lsshollabrunn.ac.at\/index.php?rest_route=%2Fwp%2Fv2%2Fmedia&parent=522"}],"curies":[{"name":"wp","href":"https:\/\/api.w.org\/{rel}","templated":true}]}}